t z be -6*1 - (2 - 0). Let c(y) be the second derivative of -y**5/120 - y**4/3 - y**3/2 + 10*y. Let m(q) be the second derivative of c(q). What is m(z)?
0
Let l(j) = -j + 33. Let c be l(-7). Suppose -3*x - 19 = -c. Let r(z) be the first derivative of -z**2/2 + 11*z - 1. Calculate r(x).
4
Let f(p) = -p**2 + 9*p + 1. Let t be f(9). Let g be 0 - (t/2 - (-13)/26). Let y(x) be the first derivative of -x**2/2 - x + 3. Give y(g).
0
Let p(c) = -2*c**2 - 12 + 2*c**2 - c**2 + 8*c. Suppose -d - 5 + 13 = 0. Determine p(d).
-12
Let j(n) = 7*n**2 + 3*n - 2. Let s = 1173 - 1172. Give j(s).
8
Let i(p) = -5*p + 16. Let t(d) = -10*d + 32. Let u(j) = 5*i(j) - 2*t(j). Let q(s) = -s + 4. Let c(n) = 9*q(n) - 2*u(n). Determine c(6).
10
Let n = -32 - -34. Let r(x) = -2 + 1 + 13*x - 6*x - n*x. Give r(1).
4
Let v(w) = -w**2 + 23*w + 7. Let i be v(23). Let r(y) = y**3 - 5*y**2 - 14*y - 1. Determine r(i).
-1
Let t(a) = a**3 + 9*a**2 - 10*a. Let y be t(-10). Suppose -5*n + 9 = 4*s - y*s, n = -s + 2. Let w(o) = o - 2. Give w(n).
-1
Let y(z) = 27*z**3 + 11*z + 2. Let l(j) = -53*j**3 - 19*j - 3. Let m(k) = -3*l(k) - 5*y(k). Determine m(1).
25
Let h(z) = -2*z - 6. Let l be (-2)/2*-4 - 2. Suppose l*n - 13 = -3*m, 5 = -m - 3*n + 7*n. Suppose 3*p - 4*w + 20 = 0, -p - m*p + 3*w = 22. Determine h(p).
2
Let h(f) be the first derivative of f**3/3 - 9*f**2/2 + 5*f - 88. What is h(10)?
15
Let f(t) be the first derivative of 1/2*t**2 + 1/4*t**4 + t + 58 + 1/3*t**3. Give f(0).
1
Let t = 25 - 22. Let u(q) = 2*q**2 + 4*q - 12. Let s(x) = x**2 + x - 3. Let w(c) = -3*s(c) + u(c). Determine w(t).
-9
Let x(r) = 22*r**2 + 5*r + 12. Let b(h) = -13*h**2 - 2*h - 6. Let o(s) = -5*b(s) - 3*x(s). Let a = -2 + 6. Suppose 1 = a*g + 21. Give o(g).
-6
Let i = -743 + 746. Let w(b) = -3 + 0 - 2*b + 4*b + 0. Give w(i).
3
Suppose 0 = 9*d - 8*d - 5. Suppose 2*v - 16 = d*y, v + 8 + 6 = -3*y. Let o(s) = s**3 + s**2 + 2*s + 2. What is o(v)?
-6
Let k(c) = -15*c - 1. Let b = 247 + -246. Give k(b).
-16
Suppose 7*u - 925 = -36. Let o = 125 - u. Let t(n) = -3*n - 1. What is t(o)?
5
Let h be (2 + 17/(-7))/((-258)/301). Let x(q) be the second derivative of 0 - h*q**2 - q**4 - 13*q + 0*q**3. Determine x(-1).
-13
Let s = 8 + -13. Let k(u) = -2 - 1 + 0 - u. Determine k(s).
2
Let g(q) be the first derivative of 13*q - 16 + 1/2*q**2. Give g(-8).
5
Let z(m) = -m**3 + 2*m**2 + m + 2. Let o be ((-12)/(-1) - 11) + -1 + 3. Give z(o).
-4
Let x be (2*1)/((-2)/(-4)). Let d(b) be the third derivative of 5*b**4/24 - 2*b**3/3 + 5190*b**2. Give d(x).
16
Let t(q) be the third derivative of q**4/6 + q**3/6 + 172*q**2. What is t(-1)?
-3
Suppose -3*f + 0*f = 3*v - 15, 0 = -4*v + 4. Let k(n) = 2*n - 3 - 2 + f*n - 5*n. Let q = 19 + -19. Calculate k(q).
-5
Suppose 0*o + 13 = o. Suppose 0 = -10*w - o + 73. Let m(r) = 2*r - 5. Calculate m(w).
7
Suppose 2*m - 6 = 4*r - 6*r, 0 = -r + 1. Let i(t) = -5 - t**m - 5*t - 2*t - 1 + 1. Let z be i(-5). Let h(d) = -d + 10. Determine h(z).
5
Let x(m) = 2*m**2 - 4*m + 6. Suppose -3*a = -5*a - 2*d - 312, -a - 4*d = 168. Let i be (27/(-12))/3 - a/32. Calculate x(i).
22
Let h be 14/(-6) - (-6)/(-9). Let j(p) = -p - 2. Let b(s) = s + 2. Let t(f) = h*b(f) - 2*j(f). Calculate t(-6).
4
Let n(a) be the first derivative of -3 - 2*a - 5/2*a**2 - 1/3*a**3. Suppose -5*j - g = -3*g + 33, 15 = j + 5*g. Determine n(j).
-2
Let t(w) = -3*w**3 - w**2 + 1. Let k(g) = -4*g**3 + 20*g**2 + 22*g - 2. Let x(u) = k(u) - t(u). Determine x(22).
-3
Let m(x) be the third derivative of 0 - 1/60*x**6 - 1/6*x**3 + 3*x**2 + 0*x + 1/24*x**4 + 1/60*x**5. Let f be 1*-3 - (-12 - -8). Calculate m(f).
-1
Let l(r) = -r + 2. Suppose -3*c + 2*c = 2*v - 4, 2*v - 4*c - 4 = 0. What is l(v)?
0
Suppose 5*y - 845 = -835. Let x(a) be the third derivative of 0 + 0*a**3 - 3*a**y + 0*a - 1/60*a**5 + 1/24*a**4 + 1/24*a**6. Calculate x(1).
5
Let j(p) = -p**2 + 3*p + 5. Let y = -580 + 586. Determine j(y).
-13
Let o(h) = -h**3 - 3*h**2 + 3*h + 3. Let c(x) be the third derivative of -x**5/60 + x**4/6 + 5*x**3/3 - 11*x**2. Let u be c(6). Determine o(u).
-7
Let m(l) be the first derivative of -38 - 1/4*l**4 - 6*l - 5/2*l**2 - 2*l**3. Give m(-4).
-18
Let w(b) = -b**3 - 34*b**2 + 31*b - 131. Let a be w(-35). Let j(r) = -r**2 + 7*r + 9. Give j(a).
-9
Suppose 2*l = -2*n - 3 + 11, 6 = 2*l. Let v = 1 - -10. Let o(b) = -4 + 0 - 1 + v*b + 4. Calculate o(n).
10
Let k(o) = -o**3 + o**2 + o - 4. Suppose -3*y = -0*y + 3*y. What is k(y)?
-4
Let g(o) = 6*o + o + 7*o**2 + o**3 + o + 6615 - 6610. Let m be -6 + -3 + (-6)/(-2). Calculate g(m).
-7
Let v(w) = 11*w**2 + 15*w + 22. Let z(l) = -9*l**2 - 15*l - 21. Let t(k) = -4*v(k) - 5*z(k). Give t(-14).
3
Suppose -h - 29 = 5*y + 2*h, 4*y = -2*h - 22. Let b be (-8)/(-5) + (-4)/(-10). Let v(l) = 0*l + 0 + b*l - 3*l - 5. Give v(y).
-1
Suppose 85*q - 83*q = -10. Let u(v) = v**2 - 4*v - 6. Calculate u(q).
39
Suppose -j - 1 = 5. Let p(o) be the third derivative of -o**6/120 - 7*o**5/60 - 7*o**4/24 - 5*o**3/6 - 40*o**2. Determine p(j).
1
Let x(f) = -1163*f + 12*f**3 - 14*f**3 + 1163*f + 30*f**2. Calculate x(15).
0
Let r(s) = s**2 + 7*s + 9. Let n = -13 - -18. Suppose -n*v - 33 = 2. Calculate r(v).
9
Let r(v) = -v**3 + 6*v**2 + v - 12. Let q be r(6). Let b(x) = -x**3 + 10*x**2 + x - 5. Let p be b(10). Let j(i) = 0*i + 0*i - i - p. Determine j(q).
1
Let j be (24/(-10))/((-5)/((-300)/18)). Let y(d) = d + 7. What is y(j)?
-1
Let l(u) = 14*u**3 + 49*u**2 - 8*u + 32. Let b(z) = -5*z**3 - 17*z**2 + 3*z - 11. Let o(n) = -17*b(n) - 6*l(n). Determine o(5).
-20
Let r(p) be the second derivative of p**5/20 - 3*p**4/4 - 13*p**3/6 + 35*p**2/2 + 6*p - 53. Calculate r(10).
5
Let h(q) = q - 10. Let z(l) = -6*l + 255. Let p be z(41). Determine h(p).
-1
Let m(r) = -r**3 + 2*r**2 + 3*r + 2. Let y = 161 - 163. Calculate m(y).
12
Let i(o) be the third derivative of o**5/10 - o**4/6 - o**3/3 - 2*o**2. Let c(u) = u**2 - u. Let v(r) = -5*c(r) + i(r). Determine v(-4).
10
Let x(u) = -4*u**2 + 2*u + 1. Suppose 0 = d + 2*k + 1, 5*d - 23 = 3*k + k. Give x(d).
-29
Let o(m) = 2 - 2*m - 1142278*m**2 + 0*m + m + 1142280*m**2. Suppose -2 - 6 = -4*c. Give o(c).
8
Let q(t) be the first derivative of t**4/4 + 4*t**3/3 + t**2 - 2*t + 1. Let w(x) = x**3 - 5*x**2 - 7*x + 2. Let j be w(6). Let m = -6 - j. Determine q(m).
2
Let k(h) = 3*h - 22. Suppose -5*j + 20 = -j. Give k(j).
-7
Suppose -149 + 139 = -2*f - 4*n, -4*f = 5*n - 17. Let m(w) = -2*w + 8*w + 0*w. Determine m(f).
18
Let y(k) = -k - 8. Let b be (-2)/(2*(-2)/(-24)). Let j = 6 + b. What is y(j)?
-2
Let p(m) = 10*m**3 - m**2. Suppose -28*u - 16 = -44. Give p(u).
9
Let d(q) = -q**2 + q - 1. Suppose 0 = 14*l - 13*l - 3. Suppose 0 = -l*b + 2*b. Suppose b*r = r. Determine d(r).
-1
Suppose -2*z - 8 = o, 5*z + 3*o + 20 = -0*o. Let n(u) = -4*u - 3*u + 2*u + 4 + u. Give n(z).
20
Let f be 5/25 + (-19)/(-5). Suppose -f*a + 4 + 21 = 3*i, -i = 2*a - 11. Let j(g) = 10*g + g**3 - a*g + 0*g**2 - 5*g + 2 + 3*g**2. What is j(-3)?
-1
Let o(t) = -3*t + 21*t - 2*t**2 - 18*t + t**2. Let k(x) = 7*x**2 - 2. Let p(y) = 20*y**2 - 6. Let q(n) = -17*k(n) + 6*p(n). Let i be q(-2). Determine o(i).
-4
Let t = -149 - -71. Let k be t/(-24) + (-2)/8. Let h(g) = -g**2 - 5*g - 1. Let d(w) = -2*w**2 - 6*w. Let f(o) = -2*d(o) + 3*h(o). Give f(k).
-3
Let l(a) = 2*a - 2. Let n(q) = -30*q**2 + 2*q - 3. Let i(g) = l(g) - n(g). What is i(1)?
31
Suppose 115*v + 154 = 126*v. Let k(d) = d**2 - 14*d + 7. Give k(v).
7
Let c(j) be the third derivative of j**5/60 + j**4/6 + 2*j**3/3 - 255*j**2. What is c(-4)?
4
Suppose -6*i + 2*i = -12. Let x(h) be the first derivative of -h**4/24 + h**3/3 - 25*h**2 + 6. Let p(y) be the second derivative of x(y). Give p(i).
-1
Let d(y) = -2*y**3 + 3*y**2 + 3*y + 2. Let a = -198 + 201. What is d(a)?
-16
Let v(l) = -l**3 - 5*l - 3. Let d(w) = w**3 + 7*w + 3. Let q(h) = 2*d(h) + 3*v(h). Suppose 4*c + 19 = -5*i - 12, 5*c + 17 = i. Let j = 3 + i. Calculate q(j).
-3
Let g(w) be the second derivative of w**5/20 - w**4/6 + w**3/6 + 3*w**2/2 + 59*w. Determine g(3).
15
Let v(c) = 2*c**2 - 3*c - 2. Let o = 8 + -13. Let p be 22/o - 6/(-15). Let i = p + 7. What is v(i)?
7
Let x(j) = -195 - j - 196 + 394. What is x(7)?
-4
Let k(f) = -5 + 4 + f - 1 - 1. Let n be (-4 - 4) + 1 + 1. Let w be (3 + n)/(-3) + 3. Determine k(w).
1
Let x(i) = -i**2 - i + 1. L